0203322 (base 4) in base 13?
-9aa90
Convert 473290 (base 10) to base 3.
220001020021
-1211313230 (base 4) to base 13
-117bcc
59b168 (base 13) to base 9
4017624
What is -23113202232 (base 4) in base 7?
-34221042
Convert 21d116 (base 16) to base 3.
11011121002000
-50434552 (base 6) to base 16
-15e864
-131a64 (base 11) to base 13
-73641
-132241 (base 10) to base 3
-20201101211
What is -3220301033 (base 4) in base 5?
-221002143
-3151413 (base 6) to base 11
-a616a
Convert -9f20 (base 16) to base 6.
-512332
What is ab857 (base 14) in base 5?
101302424
Convert 71ba33 (base 13) to base 5.
1134403021
What is 41632562 (base 7) in base 10?
3520841
What is 362101 (base 8) in base 15?
26ae9
Convert -bf422 (base 16) to base 3.
-1110210121121
-859a7 (base 13) to base 12
-b7663
What is 11011100000100001001011 (base 2) in base 4?
123200201023
-1101011011100110100 (base 2) to base 16
-6b734
Convert -1110112011002 (base 3) to base 4.
-2331323201
Convert 101202022113 (base 4) to base 8.
21421227
Convert 31df97 (base 16) to base 2.
1100011101111110010111
What is 63790 (base 15) in base 5?
40044320
What is -457651 (base 9) in base 14?
-7212c
Convert -6a4a4 (base 12) to base 13.
-4ca77
Convert 63c8a (base 14) to base 16.
3ae32
29ab3b (base 16) to base 4
22122230323
42130404 (base 5) to base 2
1010101001010110110
-6025298 (base 10) to base 5
-3020302143
What is 1256bc (base 16) in base 5?
301424402
What is 200745 (base 9) in base 2?
11100111110110010
Convert -577935 (base 12) to base 14.
-2872c1
What is 10224522 (base 6) in base 12?
125142
Convert 436513 (base 7) to base 12.
384b4
What is -707b1 (base 14) in base 5?
-32123224
What is -14946b (base 12) in base 8?
-1247523
-100100100000001011101 (base 2) to base 15
-18961a
Convert 1010101101100 (base 2) to base 15.
1959
What is -2d94e (base 16) in base 7?
-1405215
Convert -11100101100000001101 (base 2) to base 13.
-26bb52
What is 1a6b39 (base 12) in base 9?
783210
-2c4113 (base 15) to base 4
-20022131121
Convert -3926797 (base 11) to base 6.
-401444231
Convert 11ac8 (base 16) to base 13.
26c48
What is 12103893 (base 10) in base 14?
187107b
-487355 (base 9) to base 12
-122228
-4c72 (base 13) to base 6
-122301
Convert -812041 (base 9) to base 6.
-14144144
Convert 2513247 (base 9) to base 12.
55b174
3433244 (base 5) to base 7
344611
Convert 41452714 (base 8) to base 15.
b8d7e3
Convert 13223aa (base 11) to base 5.
1041142031
What is -10873b7 (base 13) in base 5?
-2244240313
What is -16400102 (base 9) in base 13?
-1914c56
Convert -44311115 (base 6) to base 16.
-145037
-1343556 (base 8) to base 15
-7733e
-1101011001011000010 (base 2) to base 12
-192056
What is -2c1c6 (base 14) in base 12?
-53896
What is 10330411 (base 5) in base 13?
31962
16cdb47 (base 14) to base 11
6398359
-160471 (base 8) to base 4
-32010321
Convert 2124074 (base 9) to base 4.
10111311310
Convert -11010001111101111 (base 2) to base 10.
-107503
-30041051 (base 6) to base 5
-204021424
What is -203205 (base 6) in base 9?
-24285
What is 67b667 (base 13) in base 8?
11266727
What is 2320142243 (base 5) in base 15?
6d7a4d
What is 1223143011 (base 5) in base 9?
5475652
-31d184 (base 15) to base 11
-138093a
What is b2a8 (base 15) in base 14?
da73
Convert -12031444 (base 5) to base 13.
-3b99b
What is -23411412 (base 5) in base 16?
-34da2
What is 19428 (base 13) in base 6?
1015020
100e5a (base 15) to base 3
1102202002211
What is -437389 (base 11) in base 6?
-22543012
-30463131 (base 7) to base 3
-11210201120000
What is 20332011 (base 5) in base 13?
5b484
-46721 (base 9) to base 16
-79e4
22001102202021 (base 3) to base 12
1524881
Convert -2237179 (base 12) to base 13.
-14818bc
Convert 1101111000101000110101 (base 2) to base 5.
1412433421
-1f6099 (base 16) to base 10
-2056345
What is 33935 (base 12) in base 7?
404243
-133003233 (base 5) to base 16
-a423e
Convert -161240 (base 7) to base 9.
-47412
What is 10101011011111101110 (base 2) in base 7?
5653643
What is 1ca8c8 (base 15) in base 11?
878893
What is 1112021021 (base 5) in base 10?
2454511
Convert -110101011010010000 (base 2) to base 3.
-102010002112
What is 853507 (base 9) in base 16?
7bf94
-15775071 (base 8) to base 15
-4c6e92
What is 200000001102 (base 3) in base 13?
c5384
-487bb (base 13) to base 10
-133157
What is 3575445 (base 8) in base 12?
3b4205
11101110000100011001 (base 2) to base 10
975129
What is -9797754 (base 10) in base 11?
-559221a
1010212012220 (base 3) to base 6
21004040
13062664 (base 8) to base 3
12110211020201
Convert -1052512 (base 10) to base 6.
-34320424
Convert -21002001021 (base 3) to base 6.
-2552441
-2131404 (base 5) to base 13
-137b1
-5120353 (base 6) to base 12
-b90b9
Convert -7a151 (base 13) to base 12.
-a8670
What is -96cbc8 (base 13) in base 5?
-1401311030
What is -210331455 (base 6) in base 15?
-4c66be
11717660 (base 9) to base 13
125c832
Convert 1088852 (base 9) to base 11.
373689
-8671337 (base 9) to base 4
-101233323103
Convert 211201111111222 (base 3) to base 13.
266a4b2
Convert -110000111001100001101011 (base 2) to base 3.
-220010020201201
-607540 (base 12) to base 15
-1eb2a6
1483233 (base 9) to base 16
c8ce8
405003503 (base 6) to base 16
6a167f
-2465 (base 10) to base 13
-1178
-42740 (base 10) to base 11
-2a125
What is -45718 (base 12) in base 5?
-10430422
Convert 10409a8 (base 12) to base 3.
12202222201202
Convert 1547987 (base 12) to base 14.
808a59
What is -2088298 (base 13) in base 5?
-10013301040
-1786636 (base 12) to base 3
-100020012100120
558584 (base 9) to base 5
41144423
Convert 10100111011000100001 (base 2) to base 6.
22410025
What is 2121000112202 (base 3) in base 14?
27c396
-373510 (base 8) to base 4
-133131020
Convert 2d393 (base 14) to base 7.
651043
Convert -1948d (base 15) to base 5.
-10111113
What is -13adca (base 14) in base 3?
-1021201020010
Convert -471aa (base 12) to base 4.
-113101102
14117982 (base 10) to base 8
65666136
-54054 (base 13) to base 7
-1201110
What is -206426364 (base 7) in base 13?
-271ccbc
Convert -30023312 (base 5) to base 3.
-102222211210
What is 2031506 (base 9) in base 6?
35121053
Convert 522645 (base 10) to base 3.
222112221020
Convert 11221122222 (base 3) to base 5.
11104232
-4343c (base 14) to base 15
-3333e
421101114 (base 5) to base 12
6b970b
Convert -668865 (base 9) to base 12.
-17371b
Convert 8c537 (base 16) to base 12.
23875b
What is -1000001200 (base 3) in base 10?
-19728
What is 51818 (base 13) in base 12?
7085b
-67a20 (base 15) to base 9
-552173
1056b (base 13) to base 7
151664
What is -18b47a (base 16) in base 10?
-1619066
Convert 171672 (base 11) to base 3.
111111102210
What is 317686 (base 9) in base 13?
68274
What is -801303 (base 12) in base 13?
-54a0aa
What is -1639255 (base 11) in base 16?
-2aa257
215653 (base 7) to base 2
1001010010101110
What is -50043 (base 10) in base 5?
-3100133
What is bd7db (base 15) in base 10?
602531
Convert 11100000110101110 (base 2) to base 3.
12211220122
3510255 (base 10) to base 7
41556660
-3322333112 (base 4) to base 9
-1836202
743922 (base 11) to base 10
1191027
What is -123448 (base 10) in base 11?
-84826
Convert -a6451 (base 12) to base 13.
-78514
-23110211213 (base 4) to base 9
-5523178
-112450102 (base 6) to base 14
-3c5ba6
Convert -40245005 (base 6) to base 16.
-116b3d
22133165 (base 8) to base 2
10010001011011001110101
What is -614111 (base 7) in base 14?
-2a208
Convert -1905653 (base 12) to base 10.
-5235039
Convert -649179 (base 12) to base 16.
-1849ad
What is 14616b (base 14) in base 7?
6006564
What is 1400636 (base 8) in base 14?
a3646
617570 (base 9) to base 6
11504230
What is -201000202202 (base 3) in base 11?
-236439
Convert 2400447 (base 9) to base 3.
2110000111121
What is 2565012 (base 7) in base 13?
b98cb
Convert 330121230 (base 4) to base 8.
743154
-1010010101010010001110 (base 2) to base 7
-32010600
What is 500152 (base 10) in base 2?
1111010000110111000
Convert 932303 (base 11) to base 13.
405166
-4014110300 (base 5) to base 6
-442313422
Convert 1002022110112 (base 3) to base 6.
20211105
What is -9aa106 (base 11) in base 8?
-6107132
276100 (base 11) to base 9
728483
Convert 522460 (base 7) to base 5.
10333021
-5c9a6 (base 15) to base 11
-192275
22841218 (base 9) to base 16
a9ce2c
Convert -32320631 (base 8) to base 3.
-111000201002102
-1090c1 (base 14) to base 